{"id":2469,"date":"2024-03-07T15:12:05","date_gmt":"2024-03-07T13:12:05","guid":{"rendered":"https:\/\/blue-ape-385793.hostingersite.com\/?page_id=2469"},"modified":"2024-03-07T15:13:41","modified_gmt":"2024-03-07T13:13:41","slug":"declaration-daccessibilite","status":"publish","type":"page","link":"https:\/\/moratorenovables.com\/fr\/declaration-daccessibilite\/","title":{"rendered":"D\u00e9claration d&#039;accessibilit\u00e9"},"content":{"rendered":"<div data-elementor-type=\"wp-page\" data-elementor-id=\"2469\" class=\"elementor elementor-2469\" data-elementor-post-type=\"page\">\n\t\t\t\t\t\t<section class=\"elementor-section elementor-top-section elementor-element elementor-element-6c044d7 elementor-section-boxed elementor-section-height-default elementor-section-height-default\" data-id=\"6c044d7\" data-element_type=\"section\" data-e-type=\"section\" data-settings=\"{&quot;jet_parallax_layout_list&quot;:[],&quot;background_background&quot;:&quot;gradient&quot;}\">\n\t\t\t\t\t\t<div class=\"elementor-container elementor-column-gap-no\">\n\t\t\t\t\t<div class=\"elementor-column elementor-col-100 elementor-top-column elementor-element elementor-element-c71bd63\" data-id=\"c71bd63\" data-element_type=\"column\" data-e-type=\"column\">\n\t\t\t<div class=\"elementor-widget-wrap elementor-element-populated\">\n\t\t\t\t\t\t<div class=\"elementor-element elementor-element-5d090de elementor-invisible elementor-widget elementor-widget-heading\" data-id=\"5d090de\" data-element_type=\"widget\" data-e-type=\"widget\" data-settings=\"{&quot;_animation&quot;:&quot;fadeInDown&quot;}\" data-widget_type=\"heading.default\">\n\t\t\t\t<div class=\"elementor-widget-container\">\n\t\t\t\t\t<h2 class=\"elementor-heading-title elementor-size-default\">D\u00c9CLARATION D&#039;ACCESSIBILIT\u00c9<\/h2>\t\t\t\t<\/div>\n\t\t\t\t<\/div>\n\t\t\t\t\t<\/div>\n\t\t<\/div>\n\t\t\t\t\t<\/div>\n\t\t<\/section>\n\t\t\t\t<section class=\"elementor-section elementor-top-section elementor-element elementor-element-e299352 elementor-section-boxed elementor-section-height-default elementor-section-height-default\" data-id=\"e299352\" data-element_type=\"section\" data-e-type=\"section\" data-settings=\"{&quot;jet_parallax_layout_list&quot;:[]}\">\n\t\t\t\t\t\t<div class=\"elementor-container elementor-column-gap-default\">\n\t\t\t\t\t<div class=\"elementor-column elementor-col-100 elementor-top-column elementor-element elementor-element-ebc4274\" data-id=\"ebc4274\" data-element_type=\"column\" data-e-type=\"column\">\n\t\t\t<div class=\"elementor-widget-wrap elementor-element-populated\">\n\t\t\t\t\t\t<div class=\"elementor-element elementor-element-b286937 elementor-widget elementor-widget-text-editor\" data-id=\"b286937\" data-element_type=\"widget\" data-e-type=\"widget\" data-widget_type=\"text-editor.default\">\n\t\t\t\t<div class=\"elementor-widget-container\">\n\t\t\t\t\t\t\t\t\t<p>Nous nous engageons \u00e0 rendre notre site Web accessible conform\u00e9ment aux\u00a0<a href=\"https:\/\/www.boe.es\/buscar\/act.php?id=BOE-A-2018-12699\" target=\"_blank\" rel=\"noopener\">D\u00e9cret royal 1112\/2018, du 7 septembre,<\/a>\u00a0sur l&#039;accessibilit\u00e9 des sites Web et des applications pour appareils mobiles dans le secteur public (ci-apr\u00e8s, d\u00e9cret royal 1112\/2018, du 7 septembre).<\/p><h5>\u00a0<\/h5><p><b>\u00c9TAT DE CONFORMIT\u00c9<\/b><\/p><p>Ce site Web est partiellement conforme au d\u00e9cret royal 1112\/2018 du 7 septembre, en raison du manque de conformit\u00e9 dans les aspects indiqu\u00e9s ci-dessous.<\/p><p><b>CONTENU NON ACCESSIBLE<\/b><\/p><p>Le contenu r\u00e9pertori\u00e9 ci-dessous n&#039;est pas accessible en raison des raisons suivantes\u00a0:<\/p><ol><li aria-level=\"1\">Non-respect du D\u00e9cret Royal 1112\/2018, du 7 septembre : il peut y avoir des erreurs d&#039;\u00e9dition occasionnelles sur certaines pages Web, tant dans le contenu HTML que dans les documents finaux, publi\u00e9s apr\u00e8s le 20 septembre 2018 (date d&#039;entr\u00e9e en vigueur du D\u00e9cret Royal 1112\/2018, du 7 septembre). Plus pr\u00e9cis\u00e9ment, il peut y avoir des erreurs dans les documents contenant des graphiques, des tableaux complexes ou ceux sign\u00e9s \u00e9lectroniquement avant l\u2019examen d\u2019accessibilit\u00e9.<\/li><li aria-level=\"1\">Charge disproportionn\u00e9e : sans objet.<\/li><li aria-level=\"1\">Le contenu n&#039;entre pas dans le champ d&#039;application de la l\u00e9gislation applicable : Il existe des fichiers bureautiques au format PDF ou autres formats publi\u00e9s avant le 20 septembre 2018 qui ne sont pas enti\u00e8rement conformes \u00e0 toutes les exigences d&#039;accessibilit\u00e9 ; Le contenu tiers non financ\u00e9, d\u00e9velopp\u00e9 ou sous le contr\u00f4le du Minist\u00e8re peut \u00e9galement se trouver dans cette situation.<\/li><\/ol><p>\u00a0<\/p><p><b>PR\u00c9PARATION DE CETTE D\u00c9CLARATION D&#039;ACCESSIBILIT\u00c9<\/b><\/p><p>Cette d\u00e9claration a \u00e9t\u00e9 pr\u00e9par\u00e9e le 1er septembre 2023.<\/p><p>La m\u00e9thode utilis\u00e9e pour pr\u00e9parer la d\u00e9claration \u00e9tait une auto-\u00e9valuation r\u00e9alis\u00e9e par l\u2019organisation elle-m\u00eame.<\/p><p><b>OBSERVATIONS ET COORDONN\u00c9ES<\/b><\/p><p>Vous pouvez faire des communications sur les exigences d&#039;accessibilit\u00e9 (article 10.2.a) du d\u00e9cret royal 1112\/2018, du 7 septembre), comme par exemple :<\/p><p>Signalez toute non-conformit\u00e9 \u00e9ventuelle de ce site.<\/p><p>Transmettre d&#039;autres difficult\u00e9s d&#039;acc\u00e8s au contenu.<\/p><p>Faire toute autre question ou suggestion d\u2019am\u00e9lioration concernant l\u2019accessibilit\u00e9 du site Web.<\/p><p>Par les canaux suivants :<\/p><ul><li aria-level=\"1\">Courriel : info@fisiocorpgroup.com<\/li><li aria-level=\"1\">T\u00e9l\u00e9phone : 670933740<\/li><li aria-level=\"1\">Les communications seront re\u00e7ues et trait\u00e9es par la direction de l&#039;entreprise en tant qu&#039;unit\u00e9 responsable du contenu de ce site Web.<\/li><\/ul><p>\u00a0<\/p><p><b>CONTENU OPTIONNEL<\/b><\/p><p>La version actuellement visible de ce site Web date de septembre 2023 et \u00e0 cette date, le niveau d&#039;accessibilit\u00e9 actuel a \u00e9t\u00e9 r\u00e9vis\u00e9.<\/p><p>\u00c0 partir de la date susmentionn\u00e9e, des r\u00e9visions partielles quotidiennes des contenus Web nouveaux ou modifi\u00e9s sont effectu\u00e9es, tant des mod\u00e8les que des pages et documents finaux publi\u00e9s, afin de garantir le respect des exigences d&#039;accessibilit\u00e9 de la norme UNE-EN 301549:2019, compte tenu des exceptions du d\u00e9cret royal 1112\/2018, du 7 septembre.<\/p><p>Entre autres, les mesures suivantes sont adopt\u00e9es pour faciliter l\u2019accessibilit\u00e9 :<\/p><ul><li aria-level=\"1\">Utilisation de texte alternatif dans les images.<\/li><li aria-level=\"1\">Les liens fournissent des d\u00e9tails sur la fonction ou la destination de l&#039;hyperlien.<\/li><li aria-level=\"1\">Utilisation des normes W3C : XHTML 1.0, CSS 3.0, WAI AA<\/li><\/ul>\t\t\t\t\t\t\t\t<\/div>\n\t\t\t\t<\/div>\n\t\t\t\t\t<\/div>\n\t\t<\/div>\n\t\t\t\t\t<\/div>\n\t\t<\/section>\n\t\t\t\t<\/div>","protected":false},"excerpt":{"rendered":"<p>DECLARACI\u00d3 D&#8217;ACCESSIBILITAT Estem compromesos a fer accessible el nostre lloc web de conformitat amb el\u00a0Reial Decret 1112\/2018, de 7 de setembre,\u00a0sobre accessibilitat dels llocs web i aplicacions per a dispositius m\u00f2bils del sector p\u00fablic (d\u2019ara endavant, Reial Decret 1112\/2018, de 7 de setembre). \u00a0 SITUACI\u00d3 DE COMPLIMENT Aquest lloc web \u00e9s parcialment conforme amb el [&hellip;]<\/p>\n","protected":false},"author":2,"featured_media":0,"parent":0,"menu_order":0,"comment_status":"closed","ping_status":"closed","template":"","meta":{"nombre_localidad":"","descripcion_slider":"","texto_anuncio_cta_llamada_a_la_accion":"","texto_seccion_1":"","texto_seccion_2":"","telefono":"","footnotes":""},"class_list":["post-2469","page","type-page","status-publish","hentry"],"_links":{"self":[{"href":"https:\/\/moratorenovables.com\/fr\/wp-json\/wp\/v2\/pages\/2469","targetHints":{"allow":["GET"]}}],"collection":[{"href":"https:\/\/moratorenovables.com\/fr\/wp-json\/wp\/v2\/pages"}],"about":[{"href":"https:\/\/moratorenovables.com\/fr\/wp-json\/wp\/v2\/types\/page"}],"author":[{"embeddable":true,"href":"https:\/\/moratorenovables.com\/fr\/wp-json\/wp\/v2\/users\/2"}],"replies":[{"embeddable":true,"href":"https:\/\/moratorenovables.com\/fr\/wp-json\/wp\/v2\/comments?post=2469"}],"version-history":[{"count":5,"href":"https:\/\/moratorenovables.com\/fr\/wp-json\/wp\/v2\/pages\/2469\/revisions"}],"predecessor-version":[{"id":2475,"href":"https:\/\/moratorenovables.com\/fr\/wp-json\/wp\/v2\/pages\/2469\/revisions\/2475"}],"wp:attachment":[{"href":"https:\/\/moratorenovables.com\/fr\/wp-json\/wp\/v2\/media?parent=2469"}],"curies":[{"name":"wp","href":"https:\/\/api.w.org\/{rel}","templated":true}]}}

Déclaration d&#039;accessibilité

<div data-elementor-type="wp-page" data-elementor-id="2469" class="elementor elementor-2469" data-elementor-post-type="page">
						<section class="elementor-section elementor-top-section elementor-element elementor-element-6c044d7 elementor-section-boxed elementor-section-height-default elementor-section-height-default" data-id="6c044d7" data-element_type="section" data-e-type="section" data-settings="{&quot;jet_parallax_layout_list&quot;:[],&quot;background_background&quot;:&quot;gradient&quot;}">
						<div class="elementor-container elementor-column-gap-no">
					<div class="elementor-column elementor-col-100 elementor-top-column elementor-element elementor-element-c71bd63" data-id="c71bd63" data-element_type="column" data-e-type="column">
			<div class="elementor-widget-wrap elementor-element-populated">
						<div class="elementor-element elementor-element-5d090de elementor-invisible elementor-widget elementor-widget-heading" data-id="5d090de" data-element_type="widget" data-e-type="widget" data-settings="{&quot;_animation&quot;:&quot;fadeInDown&quot;}" data-widget_type="heading.default">
				<div class="elementor-widget-container">
					<h2 class="elementor-heading-title elementor-size-default">DÉCLARATION D&#039;ACCESSIBILITÉ</h2>				</div>
				</div>
					</div>
		</div>
					</div>
		</section>
				<section class="elementor-section elementor-top-section elementor-element elementor-element-e299352 elementor-section-boxed elementor-section-height-default elementor-section-height-default" data-id="e299352" data-element_type="section" data-e-type="section" data-settings="{&quot;jet_parallax_layout_list&quot;:[]}">
						<div class="elementor-container elementor-column-gap-default">
					<div class="elementor-column elementor-col-100 elementor-top-column elementor-element elementor-element-ebc4274" data-id="ebc4274" data-element_type="column" data-e-type="column">
			<div class="elementor-widget-wrap elementor-element-populated">
						<div class="elementor-element elementor-element-b286937 elementor-widget elementor-widget-text-editor" data-id="b286937" data-element_type="widget" data-e-type="widget" data-widget_type="text-editor.default">
				<div class="elementor-widget-container">
									<p>Nous nous engageons à rendre notre site Web accessible conformément aux <a href="https://www.boe.es/buscar/act.php?id=BOE-A-2018-12699" target="_blank" rel="noopener">Décret royal 1112/2018, du 7 septembre,</a> sur l&#039;accessibilité des sites Web et des applications pour appareils mobiles dans le secteur public (ci-après, décret royal 1112/2018, du 7 septembre).</p><h5> </h5><p><b>ÉTAT DE CONFORMITÉ</b></p><p>Ce site Web est partiellement conforme au décret royal 1112/2018 du 7 septembre, en raison du manque de conformité dans les aspects indiqués ci-dessous.</p><p><b>CONTENU NON ACCESSIBLE</b></p><p>Le contenu répertorié ci-dessous n&#039;est pas accessible en raison des raisons suivantes :</p><ol><li aria-level="1">Non-respect du Décret Royal 1112/2018, du 7 septembre : il peut y avoir des erreurs d&#039;édition occasionnelles sur certaines pages Web, tant dans le contenu HTML que dans les documents finaux, publiés après le 20 septembre 2018 (date d&#039;entrée en vigueur du Décret Royal 1112/2018, du 7 septembre). Plus précisément, il peut y avoir des erreurs dans les documents contenant des graphiques, des tableaux complexes ou ceux signés électroniquement avant l’examen d’accessibilité.</li><li aria-level="1">Charge disproportionnée : sans objet.</li><li aria-level="1">Le contenu n&#039;entre pas dans le champ d&#039;application de la législation applicable : Il existe des fichiers bureautiques au format PDF ou autres formats publiés avant le 20 septembre 2018 qui ne sont pas entièrement conformes à toutes les exigences d&#039;accessibilité ; Le contenu tiers non financé, développé ou sous le contrôle du Ministère peut également se trouver dans cette situation.</li></ol><p> </p><p><b>PRÉPARATION DE CETTE DÉCLARATION D&#039;ACCESSIBILITÉ</b></p><p>Cette déclaration a été préparée le 1er septembre 2023.</p><p>La méthode utilisée pour préparer la déclaration était une auto-évaluation réalisée par l’organisation elle-même.</p><p><b>OBSERVATIONS ET COORDONNÉES</b></p><p>Vous pouvez faire des communications sur les exigences d&#039;accessibilité (article 10.2.a) du décret royal 1112/2018, du 7 septembre), comme par exemple :</p><p>Signalez toute non-conformité éventuelle de ce site.</p><p>Transmettre d&#039;autres difficultés d&#039;accès au contenu.</p><p>Faire toute autre question ou suggestion d’amélioration concernant l’accessibilité du site Web.</p><p>Par les canaux suivants :</p><ul><li aria-level="1">Courriel : info@fisiocorpgroup.com</li><li aria-level="1">Téléphone : 670933740</li><li aria-level="1">Les communications seront reçues et traitées par la direction de l&#039;entreprise en tant qu&#039;unité responsable du contenu de ce site Web.</li></ul><p> </p><p><b>CONTENU OPTIONNEL</b></p><p>La version actuellement visible de ce site Web date de septembre 2023 et à cette date, le niveau d&#039;accessibilité actuel a été révisé.</p><p>À partir de la date susmentionnée, des révisions partielles quotidiennes des contenus Web nouveaux ou modifiés sont effectuées, tant des modèles que des pages et documents finaux publiés, afin de garantir le respect des exigences d&#039;accessibilité de la norme UNE-EN 301549:2019, compte tenu des exceptions du décret royal 1112/2018, du 7 septembre.</p><p>Entre autres, les mesures suivantes sont adoptées pour faciliter l’accessibilité :</p><ul><li aria-level="1">Utilisation de texte alternatif dans les images.</li><li aria-level="1">Les liens fournissent des détails sur la fonction ou la destination de l&#039;hyperlien.</li><li aria-level="1">Utilisation des normes W3C : XHTML 1.0, CSS 3.0, WAI AA</li></ul>								</div>
				</div>
					</div>
		</div>
					</div>
		</section>
				</div>

<p>DECLARACIÓ D&#8217;ACCESSIBILITAT Estem compromesos a fer accessible el nostre lloc web de conformitat amb el Reial Decret 1112/2018, de 7 de setembre, sobre accessibilitat dels llocs web i aplicacions per a dispositius mòbils del sector públic (d’ara endavant, Reial Decret 1112/2018, de 7 de setembre).   SITUACIÓ DE COMPLIMENT Aquest lloc web és parcialment conforme amb el [&hellip;]</p>
